b(n).
17
Let w(l) = l**2 - 7*l - 1. Let a = 6526 + -6526. Let z be 6/(1*(2 + -1)). Suppose a = -2*f + 4 + z. Determine w(f).
-11
Let s(k) be the second derivative of -k**4/12 + k**2 - 3*k. Let d(i) be the second derivative of i**3/3 - 10*i**2 + 103*i. Let w be d(10). What is s(w)?
2
Let i = -393 - -134. Let d = i - -262. Let k(j) = -5*j - 1. Give k(d).
-16
Let v be (-2)/25 + (306/75 - -4). Let w(q) = -q**3 + 7*q**2 + 6*q + 3. Determine w(v).
-13
Let n(y) = y**3 + 7*y**2 - 4*y + 9. Suppose 0 = 3*v - 4*r + 7 + 9, -v = 5*r + 18. Calculate n(v).
-23
Let x(u) = -4*u - 74. Suppose -42*l + 12 = -2*w - 47*l, 5*w + 30 = -2*l. Determine x(w).
-50
Let v(k) = -32*k - 72*k**3 - 5 - 13 + 73*k**3 - 15*k**2. Give v(17).
16
Let k = -18 - -13. Let w(m) = -m - 12. Let r(a) = -a - 14. Let z = -1303 - -1298. Let g(n) = z*r(n) + 6*w(n). What is g(k)?
3
Let c(t) = -t. Let k(g) = -g - 108. Let j(r) = 6*c(r) - k(r). Determine j(23).
-7
Let l be ((-372)/(-16))/(-4 + (-114)/(-24)). Let g(x) = 24 + 3*x - l - 2*x + 16. Determine g(-7).
2
Suppose 5*i + 29 - 19 = 0. Let x be 0 + 3 - (i - -7). Let a(u) = -4 + 3*u**2 + 7 - 3*u + 5*u. Calculate a(x).
11
Suppose 0 = -30*g + 33*g - 6. Let d(l) = 0*l + 2 + g*l + l - 5*l. What is d(-3)?
8
Let g(k) be the second derivative of k**5/20 - 5*k**4/12 - k**3 - k**2/2 - 7*k - 41. Calculate g(5).
-31
Let b(q) = 7*q + 3. Let d = -904 + 903. Give b(d).
-4
Let a(j) = -8*j + 216. Let u be a(26). Suppose -u*i + 18 = -3*i - 3*y, 2 = -i - 5*y. Let z(x) = -x**3 + 4*x**2 - 5*x + 2. Give z(i).
-4
Let t(a) = -5*a**2 - a + 1. Suppose -11 = 4*m - 143. Suppose -m = -5*l - 213. Let k = l - -37. What is t(k)?
-5
Let j(z) = -z**3 + 4*z**2 - 4*z + 5. Let i(n) = -n**3 - 13*n**2 + 24*n + 143. Let w be i(-14). Suppose d = w*v + 6 + 5, -d + 5*v = -15. Calculate j(d).
-40
Let n(b) = b**3 - 2*b**2 - 48*b - 3. Let z be n(8). Let c(j) = 4*j**2 + 5*j - 2. Give c(z).
19
Let s(q) = 5*q**2 + 35 + 32 - 2*q - 124 + 0*q**2 - q**3 + 35 + 24. Suppose 3 = -j, 2*v = -v - j + 12. Calculate s(v).
-8
Suppose 3*m = 3*w + 9, 5*m - w = -3 + 30. Let v(p) = 5*p - p + p - m*p. Let q = 215 + -223. Calculate v(q).
8
Let h(v) = -23*v**3 - v. Let y(b) = -339*b - 1355. Let k be y(-4). Calculate h(k).
-24
Let u(d) be the third derivative of -d**4/12 + d**3/3 - 480*d**2. Suppose n - 4*n + 15 = 0. Determine u(n).
-8
Let a(l) be the first derivative of 0*l + 328 - 7/3*l**3 - 1/4*l**4 - 3*l**2. Give a(-6).
0
Let c(m) be the first derivative of m**3/3 + 3*m**2/2 + 2*m - 2818. Suppose 4*a + 3*w - 20 = 0, 3*a - 25 = -5*w - 10. Let r = -2 + a. Calculate c(r).
20
Let x(q) = -10*q**2 + 216*q + 107. Let z be x(22). Let d(w) = w - 32. Give d(z).
-13
Suppose 0 = z + 5*d - 29, -2*z - 4*d = -7*z - 29. Let f(j) = 6*j**3 + 2*j**2 - 3*j - 3. Give f(z).
-4
Let g = 18 + -11. Let s = 9 - g. Let q(d) = -5*d + s*d + 2 - 1 + 0. Determine q(3).
-8
Let m(d) = 12*d - 13 + 21*d - 28*d - 4*d - 4. Determine m(24).
7
Let p(r) = -8*r**2 + 6*r - 5. Let f be 6 + -14 + 7 + (4 - 0). Suppose f*l + 5*o + 12 = 5*l, -5*l - 5*o - 5 = 0. Calculate p(l).
-7
Let u(p) be the first derivative of -5*p**2 + 70*p + 6836. What is u(6)?
10
Let f(t) = -t - 2*t**2 + 3*t**2 + t**2. Let y = -12 - -18. Let i(u) = -u**2 + 5*u + 7. Let z be i(y). Calculate f(z).
1
Let s(c) = 10 - 2 - 88*c + 49*c + 43*c. Let h(y) = y. Let n(g) = 7*g + 1. Let o(v) = 6*h(v) - n(v). Let l be o(5). Calculate s(l).
-16
Let q(h) = -1008 - 4*h + 1031 - 286*h**2 + 284*h**2. What is q(3)?
-7
Let s(k) = 8*k**3 + 3*k**2 + 7*k - 51. Let l(j) = -4*j**3 - 2*j**2 - 4*j + 29. Let w(x) = -7*l(x) - 4*s(x). What is w(2)?
-23
Let a(j) = 3*j**2 + 42*j - 97. Let n be a(-16). Let r(u) = 13*u**3 + 2*u + 2. Determine r(n).
-13
Let b(u) = -u**3 - 4*u**2 + 6*u + 6. Let a(d) = -d**2 - d + 15. Let c be a(4). Let k be ((-18)/(-30) - (-3)/c)/1. Suppose k = -n - 2 - 3. Calculate b(n).
1
Let q be (26/4 + (-1 - 6))*(1 - -1). Let c(r) = 29*r - 9. Determine c(q).
-38
Let u(g) be the third derivative of 0 + 0*g - 1/24*g**4 - 139*g**2 + 4/3*g**3. Suppose 4*l + 3*m - 31 = 0, 3*m - 4*m - 3 = 0. Give u(l).
-2
Let n(p) = -13*p + 56. Let v be n(4). Let h(u) = 2*u + 1 + 9*u + v*u. Let t = -3 + 5. Calculate h(t).
31
Let y(t) = -15*t**2 + t. Let f(n) = n**2 + 27*n + 80. Let o be f(-3). Let x be ((-85)/10 + o)*2. What is y(x)?
-16
Let l be (-129)/(-1935)*(-15 - 0). Let r(h) = -h**2 + 4*h + 3. Calculate r(l).
-2
Suppose -3*x - 267 = 4*g, -5*g + 2*x - 357 = -2*x. Let b = -53 - g. Let d be b/(-6) - -2 - (-49)/(-21). Let q(y) = y + 1. Give q(d).
-2
Let t(m) be the third derivative of -m**4/24 + m**3/3 - m**2. Let h = -51 + 54. Suppose h*j = -3*k - 6, 2*j - k + 6*k - 2 = 0. Calculate t(j).
6
Let d(p) be the second derivative of p**4/12 - 7*p**3/3 + 3*p**2 - 38*p. Let x be d(13). Let f = x + 8. Let c(m) = 7*m**3 - m**2 - m + 1. Calculate c(f).
6
Let j = -148 + 155. Let l(k) = 16*k**2 + 20*k - 10*k - j*k**2 - k**3 + 12. Let i(q) = -6*q - 2. Let t be i(-2). Calculate l(t).
12
Let n(s) be the third derivative of -5*s**4/24 - 35*s**3/6 - 2901*s**2. What is n(-8)?
5
Let r(o) be the second derivative of 3*o**5/20 + 13*o**4/12 - 4*o**2 + 63*o. Let g(u) = 10*u**3 + 39*u**2 - 26. Let q(s) = -2*g(s) + 7*r(s). Calculate q(-13).
-4
Let p(r) = -933*r - 10 + 851*r + 76*r. Calculate p(-4).
14
Let x(b) = 33*b + 120. Let s(n) = 32*n + 137. Let z(i) = 5*s(i) - 4*x(i). Determine z(-7).
9
Let f(l) = -10*l - 35. Let k be f(-4). Let o(z) = -z - z - k*z + 2 + z**2. Determine o(8).
10
Let t(w) = 84*w - 3. Let h(r) = -17*r - 1. Let v(p) = 5*h(p) + t(p). Let s(q) = q**2 - 6*q - 4. Let g be s(7). Let m be -4 - (4 - 1)/g. What is v(m)?
-3
Let i = 100 + -45. Suppose 0 = -i*l + 56*l + 3. Let j(a) = -3*a**2 + a. What is j(l)?
-30
Let a(t) = 5*t**2 - 49*t + 383. Let w(j) = -3*j**2 + 33*j - 255. Let c(d) = -5*a(d) - 8*w(d). Determine c(-24).
5
Let l(z) = 3 - 2*z - z - 6. Let c be 20/(5 - 0) + -2 + 0. Suppose -3 = -c*q + 9. Give l(q).
-21
Let f(r) be the first derivative of r**5/20 + 5*r**4/12 - 5*r**3/6 + r**2 - 178*r + 213. Let d(n) be the first derivative of f(n). What is d(-6)?
-4
Let x(r) = r**3 + 2*r**2 - 4*r. Let m(t) = 32*t + 44. Let l be m(-4). Let n = l - -81. Give x(n).
3
Let l(b) = -29*b**2 + 15*b - 22. Let o(c) = -34*c**2 + 15*c - 20. Let p(a) = -7*l(a) + 6*o(a). Determine p(-17).
0
Let y(k) = k**3 - 10*k**2 - 24*k + 5. Let z be y(12). Suppose t + z - 16 = 0. Let l(x) = -x**2 + 12*x - 5. Give l(t).
6
Let z(i) = -5*i**2 + 53*i + 54. Let m(s) = -s**2 - 3. Let l(n) = -3*m(n) + z(n). What is l(28)?
-21
Let f(u) = 1 + 11*u - 7*u - u - 4 - 4*u. Let p = -7 - -5. Let c = -6 - p. Calculate f(c).
1
Let r(h) = h + 4 + 2 + 6. Suppose -15*w + 3*d = -11*w + 39, 0 = d + 3. Let a be r(w). Let s(q) = -q**2 - q + 5. Determine s(a).
5
Suppose -l - 2*v + 2 = -0*l, 8 = 4*l + 4*v. Let u(t) = -97*t**2 - t - t**3 + 90*t**2 + l*t**3. Determine u(7).
-7
Suppose -731 = -d - 5*k, -23*d = -24*d - 2*k + 716. Let i = -693 + d. Let p(s) = s**2 - 15*s + 21. What is p(i)?
-5
Let j(z) = 7*z**3 + 4*z**2 + 28*z - 1. Let h(p) = -23*p**3 - 13*p**2 - 88*p + 3. Let o(g) = 6*h(g) + 19*j(g). Determine o(2).
-41
Let p(r) = 16*r**2 + 8*r + 9. Let f(h) = 3*h**2 + 2*h + 2. Suppose 2*g + i = -18, 6*g - 3*g + i = -29. Let w(j) = g*f(j) + 2*p(j). What is w(-6)?
-4
Let n(q) be the third derivative of -q**4/24 + q**3/3 - 5*q**2 + 22*q - 7. Give n(9).
-7
Let q(b) be the third derivative of 0 + 1/8*b**4 + 1/20*b**5 - 1/120*b**6 + 2/3*b**3 + 0*b + 178*b**2. Calculate q(4).
0
Let n be (60/6 + -7)/(1/(-1)). Let q(f) = -f + 10. Let r be q(8). Let c(o) = -6*o + 6*o + o**3 + r*o**2 + o + 3. Give c(n).
-9
Let s(y) = 71 + 97 + 98*y + 88*y - 46*y + 28*y. What is s(-1)?
0
Let x(s) be the first derivative of s**4/4 - 14*s**3/3 + 15*s**2/2 + 23*s + 3636. Give x(13).
49
Let c(b) = 2*b + 2*b + 13 + 2*b - 5*b. Let n(o) = -4*o**3 - o**2 + 2. Let h be n(-1). Suppose 2*y = -y - h*y. What is c(y)?
13
Let c(g) = 3*g**2 + g. Let l be c(-2). Let w be (1 - 2/8)*40/l. Let j be 0 - (3/w + -4). Let p(u) = 4*u. Calculate p(j).
12
Let x(d) = -11*d**2 + 7*d - 13. Let b(o) = 4*o**2 - 128*o + 3. Let g be b(32). Give x(g).
-91
Let v(r) = 2*r**3 - 19*r**2 + 21*r + 9. Suppose -31 = -8*j + 33. Let m be v(j). Let a(l) = -2*l - 22. Give a(m).
8
Suppose -3*k - g = -18, 72*k - 68*k = -3*g + 29. Let p(i) = -i**3 + 4*i**2 + 3